tive of -1/30*n**5 + 1/24*n**4 + 0*n**2 - 1/360*n**6 + 0 - n**3 - 17*n. Let l(q) be the second derivative of o(q). Determine l(-4).
1
Let v = -1674 + 1659. Let o(d) = -d**3 - 15*d**2 - 15. Determine o(v).
-15
Suppose -4*z - 1 = -3*w + 6, 2*w - 14 = -2*z. Let t be ((-285)/190)/((-1)/(40/6)). Let j(r) = -t - r**2 - r + 0 + 10 + 8*r. Calculate j(w).
10
Suppose 0 = 2*y - 3*y - 56. Let n = 59 + y. Let a(c) = 3*c + 4 + n + 0. Determine a(-6).
-11
Let f(z) = -2*z**3 - 31*z**2 - 16*z - 19. Suppose 165*r - 630 = 207*r. Give f(r).
-4
Let u(b) = b**2 - 8*b + 3. Let s be (-16)/4 + (-4 - -193). Let i = s + -181. Determine u(i).
-13
Let h be (6 + 1 + 391)*1. Let i = h - 386. Let f(j) = -j**2 + 14*j - 18. What is f(i)?
6
Let j be ((-2454)/10)/3 + (-3)/15. Let l = 90 + j. Let p(k) = k**3 - 7*k**2 - 11*k. Calculate p(l).
-24
Let y be (8/14)/((-4)/2114). Let g = 293 + y. Let d(c) = -c**3 - 10*c**2 - 11*c + 11. Calculate d(g).
29
Let j(u) = -u**3 + 2*u**2 + 9*u - 9. Let h(b) be the third derivative of -b**5/60 + b**4/24 - b**3/6 + 2*b**2 + 7. Let a(t) = 2*h(t) - j(t). What is a(5)?
-3
Suppose -q + 2*l = 8, 21*q = 19*q - 2*l + 26. Let h(f) = 6*f + 3*f - 4 - f**2 - 4*f. Calculate h(q).
-10
Suppose 5*l + 10 = 0, 2*n - 2*l - 2*l = 98. Suppose -2*d - 5*v = -3*d - 45, 0 = -d - 4*v - n. Let q be 6/10 + 72/d. Let m(x) = -8*x**3 - x. Give m(q).
9
Let n(w) = 3*w - 12*w - w + 8*w + 0*w + 32. Determine n(-19).
70
Let s(u) = -u**3 - u**2 - 6*u. Let x(l) = 3*l**3 + 9*l**2 + 19*l + 4. Let g(v) = -2*s(v) - x(v). Calculate g(-6).
2
Suppose 4*g - 3*j = 10, -5*g = -0*g + 2*j + 22. Let u(l) = 27*l + 52. Determine u(g).
-2
Let a be 176*(-12)/42 + 2/7. Let r be 35/a*6 - 2/(-10). Let d(p) = -p**2 + p + 6. Calculate d(r).
-14
Let x(b) be the second derivative of -b**4/6 - b**3 - 11*b**2/2 + 46*b. Let r(g) be the first derivative of x(g). Determine r(-3).
6
Let d be (-11 - -23) + (2 - -1). Suppose o - d = -10. Let s(b) = b**2 + o*b + 23 - 55 + 29. What is s(-6)?
3
Let b(j) = -32*j**2 + 4*j + 5. Let o be b(-1). Let q(s) = s**3 + 33*s**2 + 62*s + 11. Determine q(o).
11
Let k(w) = -w**2 + 8*w + 2. Let s(g) = -2*g - 1. Let d(j) = -k(j) - 4*s(j). Let c = -14 - -27. Let n = c - 13. Determine d(n).
2
Let q(k) = -k**2 - 5*k. Suppose 0 = -r - 3*c + 8, 0 = r - 2*c - 23. Suppose -15 = -r*b + 20*b. Give q(b).
0
Let z(i) = -i**3 + 5*i**2 + 2*i - 7. Let o = 36 - 32. Suppose 0 = o*x - 38 - 22. Suppose 9*p = 6*p + x. Give z(p).
3
Let p(u) = -u**3 + 11*u**2 - 20*u + 106. Suppose 5*t - o - 46 = 0, -3*t - o + 22 = -3*o. Calculate p(t).
6
Let f(c) = -c**3 - c**2 - c. Let j(h) = h**2 - 20*h - 64. Let w be j(23). Suppose 7*p + 12 = -4*l + 5*p, -w*l = 2*p + 14. Give f(l).
6
Let o(y) = -y + 4. Suppose -4 = 2*k + 4. Let n(d) = -d + 3. Let j(l) = k*o(l) + 5*n(l). Let w(a) = 4*a + 3. Let q(f) = -6*j(f) - 2*w(f). Give q(-6).
12
Let l(d) be the third derivative of -1/720*d**6 + 2/3*d**4 + 0*d**5 + 0*d**3 + 0 + 0*d + 6*d**2. Let v(j) be the second derivative of l(j). Give v(0).
0
Suppose -4*b - 3*b + 3*b + 24 = 0. Let w(m) = 3*m - 11. Give w(b).
7
Suppose -4*p + 14 = -5*w, -p - 2*w - 1 - 2 = 0. Let n(x) = -x**3 - p - 3*x + x + 2*x + 9*x**2. Let z be -4 + (-4 - (-14 - 3)). Give n(z).
-1
Let m(z) = -z**3 + 17*z**2 - 21*z + 85. Let o be m(16). Let k(q) = -q - 10. Calculate k(o).
-15
Let i(t) = -9 + 422*t - 840*t + 420*t. Determine i(5).
1
Let h(i) = -i - 6. Let j = 2839 - 2850. Determine h(j).
5
Let h(w) = -37 - 5*w + 6*w - w - 2*w. Let m be h(-18). Let z(y) be the second derivative of 4*y**3/3 - 13*y. What is z(m)?
-8
Suppose 0 = 167*v + 62 - 229. Let h(b) = -10*b - 5. Give h(v).
-15
Let s(b) = -8*b**2 - 95*b + 46. Let w(v) = -4*v**2 - 47*v + 23. Let u(r) = 2*s(r) - 5*w(r). Determine u(-12).
13
Let j(z) = 4*z**2 - z - 1. Let v be 1/3 + 30/(-135)*-21. Let g(i) = 18*i**2 - 8*i - 4. Let f(l) = v*j(l) - g(l). What is f(2)?
13
Suppose -26 = -3*p - 2. Suppose -p*g = -0*g - 112. Suppose -2*x + g - 16 = 0. Let m(h) = 4*h**3 + h. Give m(x).
-5
Suppose 0 = 28*z - 42*z + 56. Let k(t) = 1 + 102*t**2 - z + 4*t - 103*t**2 - 3. Let d be 5*-2*(-2)/4. Calculate k(d).
-11
Let x(n) be the first derivative of 1/6*n**4 + n**2 + 24*n - 2/3*n**3 - 11. Let y(g) be the first derivative of x(g). Give y(3).
8
Let u(q) = 21*q**3 - 5*q**2 - 11*q - 5. Let z(r) = 33*r**3 - 8*r**2 - 18*r - 6. Let h(i) = -8*u(i) + 5*z(i). Calculate h(3).
-77
Let m(s) = 115*s + 75. Let c(g) = -135*g - 74. Let v(a) = -5*c(a) - 6*m(a). Determine v(-5).
-5
Let c(q) be the second derivative of -q**5/4 - q**4/4 + q**3/6 + 3*q**2/2 - 977*q + 1. Give c(-1).
4
Suppose 3*d - 2 = -b + 5, -5*b - 3 = -4*d. Let l be (d - 4) + (-3 + 4 - -7). Let q(u) = -u**3 + 6*u**2 + 2*u + 6. Calculate q(l).
18
Let y(z) be the first derivative of -5*z**4/6 + z**2/2 - 39*z + 106. Let l(p) be the first derivative of y(p). Calculate l(-1).
-9
Suppose 0 = -3*y + 4*r - 23, -r = 22 - 24. Let u = -3 - -4. Let x(i) = 3 + 1 + i**2 - u - 2. Calculate x(y).
26
Let b(a) = 4*a**3 + 9*a**2 - 11*a - 13. Let n(d) = 3*d**3 + 9*d**2 - 10*d - 11. Let o(t) = -4*b(t) + 5*n(t). What is o(8)?
13
Suppose -741 = 7*m - 811. Suppose -19 = -t - 3*n, 0 = 4*t + t - 2*n - m. Let g(q) = -q**2 + 3*q - 2. Determine g(t).
-6
Let b be (-5 + 9)/2*2. Let i(f) = -f**3 + 3*f**2 + 4*f - 11. Give i(b).
-11
Let l(m) be the third derivative of -m**6/40 + m**5/20 - m**4/6 + m**3/2 - m**2. Let g be (2/(-10)*2)/((-1)/50). Suppose g = -104*t + 114*t. Determine l(t).
-17
Suppose 0 = -5*x - 88 + 113. Let r(f) = -x*f + 4*f + 2 - 1 - f - f. Give r(-11).
34
Let g(b) be the first derivative of -b**4/4 + 4*b**3 - 17*b**2/2 - 32*b + 2468. Calculate g(10).
-2
Suppose 0 = 7*t - 2*t - 5*b, 2*t - 5*b + 6 = 0. Let r(v) be the first derivative of -26 + 0*v - 1/2*v**t. Calculate r(7).
-7
Let l(w) be the second derivative of 63 + w**3 + 3*w - 5/2*w**2. Calculate l(4).
19
Suppose 4*h = 3*h + 9. Let g(v) be the second derivative of v**5/20 - 2*v**4/3 - 5*v**3/3 + 13*v**2/2 - 9866*v. Calculate g(h).
4
Let a(f) = -f + 3. Let u(g) = -6*g + 5. Let b(m) = 5*a(m) - u(m). Let y = 4 - 9. Give b(y).
5
Let f be 96/36*(-5157)/(-1528). Let w(b) be the first derivative of 3*b**2/2 - 4*b - 1. What is w(f)?
23
Let a(n) = -4*n. Let l be 24/20*-5*8/24. Give a(l).
8
Suppose 7494 - 7044 = -15*w. Let h(o) = o**3 + 35*o**2 + 151*o + 19. Give h(w).
-11
Let c(m) = -m**2 - 7*m - 5. Suppose -44*v + 17*v - 145 - 44 = 0. Determine c(v).
-5
Let l = -1058 - -1050. Let f(r) = r**2 + 11*r + 4. What is f(l)?
-20
Let a(r) = 1788*r + 16087. Let b be a(-9). Let g(q) = -2*q**3 - 8*q**2 + 3*q. Give g(b).
35
Let x(o) = -o**3 - 17*o**2 - 5*o + 20. Suppose 2*w + 17 - 14 = -t, 0 = t + w + 10. Calculate x(t).
105
Let g = 7 + -5. Suppose -5*z + 22 = -4*k, -g*z = 2*z - 5*k - 23. Let u(v) = -v + 0*v - 2 + z*v**2 + v**2. Determine u(-2).
12
Let c(q) = -q**3 - 5 + 56*q - 9*q**2 - 125*q + 61*q. Let o(a) = -a**3 + 9*a**2 - 2*a + 10. Let j be o(9). What is c(j)?
-5
Let k(t) = -261*t + 1823. Let g be k(7). Let b(p) = -13*p - 36. Calculate b(g).
16
Suppose 24*f = -2*f - 416 + 572. Let k(o) = 14*o**2 - o + 21. Let g(j) = 5*j**2 + 7. Let t(v) = -11*g(v) + 4*k(v). Determine t(f).
19
Let i(m) be the second derivative of -m**4/6 + 25*m**3/3 - 95*m**2 + 1660*m + 1. Determine i(5).
10
Let s be 0/(21/(-7)) + 0 + 3. Let f(v) = -s + 38*v - 21*v - v**2 - 20*v. Calculate f(-4).
-7
Let w(b) = b**2 - 2*b + 46. Let c be w(0). Suppose 2*x = -94 + 18. Let d = x + c. Let g(m) = m**3 - 7*m**2 - 9*m + 2. What is g(d)?
-6
Let g(s) be the third derivative of 5*s**4/6 - s**3/2 + 21*s**2. Let i be g(4). Let o(n) = 3*n + i + n - 75 + 3*n**2 - n**3. Give o(4).
2
Let f(q) be the third derivative of q**4/12 + 3*q**3/2 + 2123*q**2. Calculate f(3).
15
Let f(l) = -39 - 31*l - 29*l + 8 + 61*l. Calculate f(15).
-16
Suppose -12*v - 146 = -26. Let q be 2*-1 - (v - (-24)/4). Let o(g) = 3 - q*g**3 + 2*g**2 - 2*g - 3*g**2 + 3*g**3 + 0. What is o(3)?
15
Let p(y) = -26*y - 1268. Let t be p(-49). Let u(k) = k - 9. Calculate u(t).
-3
Let a(b) be the first derivative of -b**4/2 - 85*b**3/3 - 21*b**2 - 8*b - 6868. What is a(-42)?
-8
Suppose -y = 5*p + 7, -41*p = -38*p + 2*y + 7. Let c be (2 + p)*-4 - (10 + -7). Let v(f) = f**3 + 9*f**2 + 15*f - 2. What is v(c)?
-9
Let j be 6/5*(-2 - -7). Let x(h) = 888*h + 889*h - 2656*h - 7 + 883*h. Calculate x(j).
